ppose -2*y = -5*y + 2*i + 111, 0 = x*i. Calculate the remainder when y is divided by j.
11
Suppose g = 4 + 10. Let h(q) = 5*q**2 - 4. Let b(j) = -j**2 + 2*j + 5. Let o be b(4). Calculate the remainder when h(o) is divided by g.
13
Suppose -3*v + 0*v = -6. Suppose 3*t - 15 = -v*t. Suppose -2*y - t*y = -90. Calculate the remainder when y is divided by 10.
8
Suppose -41 = -5*g + 19. Suppose 0 = -9*v + 7*v. Suppose -3*o - 2*o + 35 = v. Calculate the remainder when g is divided by o.
5
Let h be 0 + 2 + 1/1. Suppose 0 = -5*s + h*a + 375, -80 = -3*s - 3*a + 145. Calculate the remainder when s is divided by 26.
23
Let s = -73 + 49. Let a = 45 + s. Let o = -56 - -62. What is the remainder when a is divided by o?
3
Suppose 2*h = 2*i + i + 25, 5*h = -5*i. Suppose -119 = -2*t + h. What is the remainder when t is divided by 13?
10
Suppose 0 = 13*w - 5*w - 128. Calculate the remainder when w is divided by 9.
7
Let g = 71 + -52. What is the remainder when g is divided by 12?
7
What is the remainder when (-1064)/(-32) - 3/(-4) is divided by 18?
16
Suppose -5*x = -36 + 1. Suppose -5 = m - 0, -109 = -4*j + m. Calculate the remainder when j is divided by x.
5
Let u = -3 + 14. Calculate the remainder when 42 is divided by u.
9
Let s = 71 + -64. What is the remainder when 10 is divided by s?
3
Suppose 3*v - 2*v = -5*w - 3, v + 4*w = 0. Suppose 0 = -3*t + 5*t - 70. What is the remainder when t is divided by v?
11
Suppose 0 = -2*p - p + 312. Calculate the remainder when p is divided by 35.
34
Suppose -j + g + 11 = 0, -68 = j - 5*j - 2*g. Let o = 9 + -6. Suppose o + 5 = t. What is the remainder when j is divided by t?
7
What is the remainder when 450/((-5)/(-1)) - 3 is divided by 18?
15
Let l(v) = -v**3 + v. Let r be l(1). Suppose r = y, 0 - 48 = -2*s + 4*y. Calculate the remainder when (s/9)/4*60 is divided by 14.
12
Let d(g) = 18*g - 2. Calculate the remainder when d(3) is divided by 14.
10
Suppose 5*s = -5*b + 2*s + 116, 2*s + 18 = b. What is the remainder when 65 is divided by b?
21
Let c(q) = q**3 + 14*q**2 + 12*q - 12. Calculate the remainder when c(-10) is divided by 45.
43
Let v(q) = -2*q**3 - 6*q**2 - 2*q - 6. Calculate the remainder when v(-4) is divided by (-4)/(16/12)*-3.
7
Suppose -2*m + 8 + 14 = 0. What is the remainder when 1 + -2*(-15 + 0) is divided by m?
9
Let z(m) = m**3 + 4*m**2 - 4*m - 4. Calculate the remainder when 34 is divided by z(-4).
10
Suppose 2 = 3*a + 4*p + 4, -5*p - 4 = 3*a. Suppose a*s = -3*s + 15. Suppose -g = 3*b - 6, s*b - 21 = 4*g - 90. Calculate the remainder when 28 is divided by g.
13
Let x = 10 + -4. Suppose 3*n - 5*n + 32 = 0. Calculate the remainder when n is divided by x.
4
Calculate the remainder when 0 + 1624/91 - 4/(-26) is divided by 7.
4
Let j be (21/2)/(1/(-2)). What is the remainder when (0/(-2) + -1)*j is divided by (-20)/(-5) + 2 + 2?
5
Let z(f) = -17*f - 17. What is the remainder when z(-3) is divided by 13?
8
Calculate the remainder when 33 is divided by ((-168)/(-63))/(2/9).
9
Let y = 11 - 10. Calculate the remainder when 2 is divided by y.
0
Let n be (-1)/(-4) + 8/(-32). Suppose v - 3*k - 103 = -3*v, n = -v - 5*k - 3. What is the remainder when 65 is divided by v?
21
Suppose 2 = 5*h - 28. Let p = 4 + h. Suppose -2*r + 38 = -20. What is the remainder when r is divided by p?
9
Let p be ((-25)/(-10))/(2/(-4)). Calculate the remainder when -7*2/(3 + p) is divided by 2.
1
Let w(y) = y**2 + 2*y - 7. What is the remainder when 12 is divided by w(3)?
4
Let z(h) = h + 9. Let n be z(-7). Let o be (2/6)/(n/558). Suppose o = 5*g - 62. What is the remainder when g is divided by 11?
9
Suppose -t = 2*n - 12, -4*t - 4*n + 3*n + 13 = 0. Calculate the remainder when 3 is divided by t.
1
Suppose -5*n - 115 = -5*f, f - 23 = 4*n + 3. Suppose 64 + 151 = 5*i. Calculate the remainder when i is divided by f.
21
Let f = -5 + 4. What is the remainder when 37 is divided by 11 + ((-4)/f - 2)?
11
Let z = 6 + -8. Calculate the remainder when 56 is divided by z*((-38)/4 + 0).
18
Calculate the remainder when ((0 - 0) + 26)*(0 + 2) is divided by 11.
8
Let o(k) = -13*k**3 + k. Let f be o(-1). What is the remainder when (f/(-15))/(2/(-35)) is divided by 8?
6
Calculate the remainder when 65 is divided by (1 - -33)*2/8*2.
14
Suppose 2*y - 37 = -y - 5*p, -p = -5. Let g(q) = 5*q + 2. What is the remainder when 86 is divided by g(y)?
20
Suppose 5*u - 54 = 2*u + j, u = 5*j + 18. Calculate the remainder when 70 is divided by u.
16
Let s be -2*-1*5/2. Suppose -z = -0*z - s. Calculate the remainder when 8 is divided by z.
3
Let c = -17 + 14. Calculate the remainder when 15 is divided by 9 + c + (-10)/5.
3
Let o(x) = 54*x - 12. Calculate the remainder when o(6) is divided by 45.
42
Let f = -6 + 51. Calculate the remainder when f is divided by 6.
3
Suppose -4*y + 7*y + 50 = -5*c, 0 = c + 5*y - 12. Let m = -3 - c. Suppose -2*f + m = -40. Calculate the remainder when f is divided by 13.
12
Suppose 0 = -3*b + 6. Suppose 2*m = -b*m + 120. Calculate the remainder when 58 is divided by m.
28
Suppose -207 - 17 = -4*p. What is the remainder when p is divided by 19?
18
Let k = -11 + 13. Let j = 21 + k. Suppose 45 = f - 5*i, 0*f = -5*f - 4*i + 225. What is the remainder when f is divided by j?
22
Suppose -6*m + 7*m - 129 = 0. Calculate the remainder when m is divided by 13.
12
Suppose 4*o = -12, 6 = 3*d - 4*o - 66. Calculate the remainder when d is divided by -14*(-3)/(-6)*-1.
6
Let l = 5 - 13. Let o = 12 + l. Suppose 0*n - 22 = -c + 3*n, 5*c - 54 = n. What is the remainder when c is divided by o?
2
Let n(p) = p**2 + 4*p + 5. What is the remainder when n(-10) is divided by 23?
19
Suppose 14*r - 9*r = 15. Calculate the remainder when 16 is divided by r.
1
Suppose 2*v - 28 = -10. Let q = -5 + 10. Calculate the remainder when v is divided by q.
4
Let h(n) = -n + 18. Let q be h(15). Suppose -q + 29 = u. Calculate the remainder when u is divided by 15.
11
Calculate the remainder when 39 is divided by (13 + -15)*(-20)/2.
19
Let z = 25 + -17. Let a = 3 - -2. Suppose g = -5*j + 32, 0*j = a*g + 5*j - 120. Calculate the remainder when g is divided by z.
6
Suppose 3 - 9 = -3*p + 3*i, 14 = 5*p - i. Let u(k) = k**3 - 2*k**2 + 2*k - 1. Let w be u(1). Let x = 5 - w. What is the remainder when x is divided by p?
2
Let z be (1 - 3)*(-5)/2. Let a(d) = 2*d - 1. Calculate the remainder when 25 is divided by a(z).
7
Let r = 86 + -83. What is the remainder when 11 is divided by r?
2
Let o(p) = 3*p - 21. Let n(i) = i - 7. Let y(g) = -7*n(g) + 2*o(g). Let h be y(5). Calculate the remainder when -1 + 2/h + 11 is divided by 6.
5
Suppose -23 = 4*s - 5*l, 2*s - l + 0*l = -19. Calculate the remainder when (-1*4)/(s/6) is divided by 1.
0
Suppose 0 = 5*u + 3*n + 57 - 240, 184 = 5*u + 4*n. Let y = -20 + u. What is the remainder when 46 is divided by y?
14
Suppose -4*i = -10 - 18. Let c(q) = -q**3 - q**2 + 10*q + 3. Let r be c(-4). Let n = 22 - r. What is the remainder when n is divided by i?
4
Suppose -5*q - 4 + 19 = 0. Let d(y) = 7*y - q*y - 12 + 3. Calculate the remainder when 28 is divided by d(6).
13
Suppose 5*s + 26 = q - 23, 4*q = 4*s + 276. What is the remainder when q is divided by 4*((-38)/(-5))/((-8)/(-5))?
17
Let j = -5 + 14. Calculate the remainder when 24 is divided by j.
6
Suppose -3 = -2*l + 1. Suppose -2*x - 2 = -z + l, -2*z - 2*x = 22. Let s(q) = -q**3 - 6*q**2 - 4*q - 3. Calculate the remainder when 41 is divided by s(z).
20
Let i be 8/5*5/(-1). Let p(k) = -2*k - 2. Suppose -2*u = -30 - 52. Calculate the remainder when u is divided by p(i).
13
Suppose -3*a - 22 = 4*o - 92, -3*o - 5*a + 58 = 0. What is the remainder when o is divided by 6?
4
Let d be 0 + (3 - -1) - 0. Suppose -b - d*b = -10. Suppose 3*j = -2*j + 4*h - 2, -4*h + 18 = 3*j. What is the remainder when j is divided by b?
0
Let p = 23 - -94. What is the remainder when p is divided by 17?
15
Suppose -27*k = -31*k + 84. What is the remainder when k is divided by 11?
10
Let l(m) = 2*m - 31. What is the remainder when 23 is divided by l(23)?
8
Suppose l - 16 = -j + 3*l, -4*l = -j + 26. Suppose j = 3*s - s. Calculate the remainder when 7 is divided by s.
1
Let n be (3/2*4)/2. Suppose -s - 4 = a + a, -n*s = -a - 9. Suppose p + p = 5*h - 28, s*p - 4 = -3*h. What is the remainder when 14 is divided by h?
2
Suppose -t + 304 